{"id":126,"date":"2016-01-27T14:46:49","date_gmt":"2016-01-27T14:46:49","guid":{"rendered":"http:\/\/infantv.com.br\/infantv\/?page_id=126"},"modified":"2017-01-10T19:53:13","modified_gmt":"2017-01-10T19:53:13","slug":"faq","status":"publish","type":"page","link":"https:\/\/infantv.com.br\/infantv\/faq\/","title":{"rendered":"FAQ"},"content":{"rendered":"<h3 style=\"text-align: center;\"><a href=\"http:\/\/www.infantv.com.br\/infantv\/wp-content\/uploads\/2016\/01\/faq.jpg\"><img src=\"data:image\/gif;base64,R0lGODlhAQABAIAAAAAAAP\/\/\/ywAAAAAAQABAAACAUwAOw==\" fifu-lazy=\"1\" fifu-data-sizes=\"auto\" fifu-data-srcset=\"https:\/\/i3.wp.com\/www.infantv.com.br\/infantv\/wp-content\/uploads\/2016\/01\/faq.jpg?ssl=1&w=75&resize=75&ssl=1 75w, https:\/\/i3.wp.com\/www.infantv.com.br\/infantv\/wp-content\/uploads\/2016\/01\/faq.jpg?ssl=1&w=100&resize=100&ssl=1 100w, https:\/\/i3.wp.com\/www.infantv.com.br\/infantv\/wp-content\/uploads\/2016\/01\/faq.jpg?ssl=1&w=150&resize=150&ssl=1 150w, https:\/\/i3.wp.com\/www.infantv.com.br\/infantv\/wp-content\/uploads\/2016\/01\/faq.jpg?ssl=1&w=240&resize=240&ssl=1 240w, https:\/\/i3.wp.com\/www.infantv.com.br\/infantv\/wp-content\/uploads\/2016\/01\/faq.jpg?ssl=1&w=320&resize=320&ssl=1 320w, https:\/\/i3.wp.com\/www.infantv.com.br\/infantv\/wp-content\/uploads\/2016\/01\/faq.jpg?ssl=1&w=500&resize=500&ssl=1 500w, https:\/\/i3.wp.com\/www.infantv.com.br\/infantv\/wp-content\/uploads\/2016\/01\/faq.jpg?ssl=1&w=640&resize=640&ssl=1 640w, https:\/\/i3.wp.com\/www.infantv.com.br\/infantv\/wp-content\/uploads\/2016\/01\/faq.jpg?ssl=1&w=800&resize=800&ssl=1 800w, https:\/\/i3.wp.com\/www.infantv.com.br\/infantv\/wp-content\/uploads\/2016\/01\/faq.jpg?ssl=1&w=1024&resize=1024&ssl=1 1024w, https:\/\/i3.wp.com\/www.infantv.com.br\/infantv\/wp-content\/uploads\/2016\/01\/faq.jpg?ssl=1&w=1280&resize=1280&ssl=1 1280w, https:\/\/i3.wp.com\/www.infantv.com.br\/infantv\/wp-content\/uploads\/2016\/01\/faq.jpg?ssl=1&w=1600&resize=1600&ssl=1 1600w\" decoding=\"async\" loading=\"lazy\" class=\" wp-image-18291 size-full alignleft\" fifu-data-src=\"https:\/\/i3.wp.com\/www.infantv.com.br\/infantv\/wp-content\/uploads\/2016\/01\/faq.jpg?ssl=1\" alt=\"\" width=\"90\" height=\"90\" srcset=\"https:\/\/infantv.com.br\/infantv\/wp-content\/uploads\/2016\/01\/faq.jpg 90w, https:\/\/infantv.com.br\/infantv\/wp-content\/uploads\/2016\/01\/faq-50x50.jpg 50w\" sizes=\"(max-width: 90px) 100vw, 90px\" \/><\/a>FAQ<\/h3>\n<p style=\"text-align: center;\"><em>Perguntas Frequentes<br \/>\n<\/em><\/p>\n<hr \/>\n<div data-foldup=\"no\" class=\"bg_faq_content_section\">\n<h5 style=\"text-align: center;\"><strong>Preciso da ajuda do InfanTv<\/strong><\/h5>\n<h5><strong>::: Quero entrar em contato com algum artista, programa ou emissora.<\/strong><\/h5>\n<p style=\"text-align: justify;\">N\u00e3o temos nenhum v\u00ednculo com artista, programa ou emissora contido no site. O <strong>InfanTv<\/strong> trata-se de um site para relembrar programas antigos, assim n\u00e3o encaminhamos e-mails nem respondemos por nenhum dos citados.<\/p>\n<h5><strong>::: Preciso de uma imagem, som ou v\u00eddeo contido no site. O que fazer?<\/strong><\/h5>\n<p style=\"text-align: justify;\">N\u00e3o fornecemos imagens ou arquivos de sons e v\u00eddeos, seja para festas, trabalhos, ou qualquer outra finalidade. O respons\u00e1vel por algum site pode entrar em contato solicitando o material, descrevendo onde ele ser\u00e1 usado e se comprometendo a citar a fonte.<\/p>\n<h5><strong>::: Quero saber o nome de um programa que s\u00f3 lembro alguns detalhes.<\/strong><\/h5>\n<p style=\"text-align: justify;\">Infelizmente o site n\u00e3o presta esse tipo de servi\u00e7o. Recomendamos uma troca de informa\u00e7\u00f5es em nosso grupo no Facebook, onde outros membros poder\u00e3o ajud\u00e1-lo a lembrar. Clique <a href=\"https:\/\/www.facebook.com\/groups\/infantv\"><strong>aqui<\/strong><\/a> para ingressar.<\/p>\n<h5><strong>::: Como telefono para o Infantv para receber ajuda?<\/strong><\/h5>\n<p style=\"text-align: justify;\">N\u00f3s estamos dispon\u00edveis para ajud\u00e1-lo no que for preciso atrav\u00e9s do nosso <a href=\"http:\/\/www.infantv.com.br\/infantv\/?page_id=16974\"><strong>e-mail<\/strong><\/a>, no entanto, n\u00e3o dispomos de suporte telef\u00f4nico em nenhuma ocasi\u00e3o<\/p>\n<p>&nbsp;<\/p>\n<hr \/>\n<p>&nbsp;<\/p>\n<h5 style=\"text-align: center;\">Informa\u00e7\u00f5es sobre o Site<\/h5>\n<h5>::: O que \u00e9 InfanTv<\/h5>\n<p style=\"text-align: justify;\">O InfanTv \u00e9 um site de navega\u00e7\u00e3o totalmente gratuita, com o objetivo de relembrar os programas que marcaram a inf\u00e2ncia dos seus visitantes.\u00a0 Clique <a href=\"http:\/\/www.infantv.com.br\/infantv\/?page_id=16968\">aqui<\/a> para saber mais.<\/p>\n<h5>::: O que significa a express\u00e3o \u201cInfanauta\u201d?<\/h5>\n<p style=\"text-align: justify;\">\u201cInfanauta\u201d \u00e9 um termo carinhosamente criado para denominar os internautas (visitantes) do site InfanTv. Todo aquele que navega na Internet em busca de informa\u00e7\u00f5es da \u00e9poca de sua inf\u00e2ncia e acaba no InfanTv \u00e9 chamado de \u201cInfanauta\u201d.<\/p>\n<h5>::: Quando o InfanTv foi criado?<\/h5>\n<p>O site InfanTv estreou na Internet no dia 1\u00ba de setembro de 2003.<\/p>\n<h5>::: O site www.infantv.hpg.com.br e www.infantv.com.br\/infantv s\u00e3o o mesmo?<\/h5>\n<p>www.infantv.hpg.com.br \u00e9 o endere\u00e7o do nosso primeiro dom\u00ednio, hospedado gratuitamente por meio do Host HPG. Desde novembro de\u00a0 2005 estamos hospedados em nosso pr\u00f3prio dom\u00ednio.<\/p>\n<h5>::: Qual a fonte de renda do InfanTv?<\/h5>\n<p>A \u00fanica renda do site prov\u00e9m dos seus anunciantes cuja finalidade \u00e9 manter os custos de hospedagem.<\/p>\n<hr \/>\n<h5 style=\"text-align: center;\">\u00a0Quero Colaborar<\/h5>\n<h5>::: Como fa\u00e7o para comunicar um link que n\u00e3o est\u00e1 funcionando?<\/h5>\n<p style=\"text-align: justify;\">Quando voc\u00ea estiver navegando no site e receber o aviso de \u201cP\u00e1gina n\u00e3o encontrada\u201d, anote o nome do link ou descreva o caminho que fez para chegar a ele, em seguida nos comunique atrav\u00e9s do e-mail\u00a0<strong>conteudo@infantv.com.br\/infantv<\/strong>. \u00c9 importante observar que algumas p\u00e1ginas de not\u00edcias com mais de 2 anos ser\u00e3o apagadas do site.<\/p>\n<h5>::: Quero adicionar um conte\u00fado ao site. O que fazer?<\/h5>\n<p style=\"text-align: justify;\">Se voc\u00ea possui algum conte\u00fado adicional que julga ser necess\u00e1rio inserir no site, favor informar a p\u00e1gina em que ele ser\u00e1 inserido e encaminhe para o endere\u00e7o de e-mail <strong>redacao@infantv.com.br\/infantv<\/strong>.\u00a0 Em caso de textos ou fotos de arquivo pessoal, certifique-se de que o respons\u00e1vel pelo material esteja ciente da inclus\u00e3o deste conte\u00fado no site e autoriza o uso dele.<\/p>\n<h5>::: Encontrei uma informa\u00e7\u00e3o errada. Como corrigi-la?<\/h5>\n<p style=\"text-align: justify;\">Cite o nome da p\u00e1gina em que o erro foi encontrado e o descreva pra n\u00f3s atrav\u00e9s do e-mail <strong>redacao@infantv.com.br\/infantv<\/strong>. Se poss\u00edvel envie a informa\u00e7\u00e3o correta referente ao assunto.<\/p>\n<h5>::: Quero sugerir um programa que n\u00e3o est\u00e1 no site.<\/h5>\n<p style=\"text-align: justify;\">Voc\u00ea pode fazer isso atrav\u00e9s do e-mail <strong>redacao@infantv.com.br\/infantv<\/strong>. Caso n\u00e3o saiba o nome, por favor descreva o m\u00e1ximo de informa\u00e7\u00f5es que souber sobre o programa. Lembre-se que o programa sugerido poder\u00e1 ou n\u00e3o ingressar no site nos pr\u00f3ximos meses, pois daremos prioridade aos t\u00edtulos mais solicitados. O InfanTv est\u00e1 em constante atualiza\u00e7\u00e3o e em breve poder\u00e1 ter novidades no site com rela\u00e7\u00e3o \u00e0 sua solicita\u00e7\u00e3o.<\/p>\n<h5>::: Tenho uma ideia para melhorar o InfanTv. Como posso cont\u00e1-la?<\/h5>\n<p>Sua sugest\u00e3o para melhorar o InfanTv ser\u00e1 sempre bem-vinda. Nos conte sua ideia atrav\u00e9s do e-mail <strong>conteudo@infantv.com.br\/infantv<\/strong>.<\/p>\n<\/div>\n","protected":false},"excerpt":{"rendered":"<p>FAQ Perguntas Frequentes Preciso da ajuda do InfanTv ::: Quero entrar em contato com algum artista, programa ou emissora. N\u00e3o temos nenhum v\u00ednculo com artista, programa ou emissora contido no site. O InfanTv trata-se de um site para relembrar programas antigos, assim n\u00e3o encaminhamos e-mails nem respondemos por nenhum dos citados. ::: Preciso de uma [&hellip;]<\/p>\n","protected":false},"author":1,"featured_media":0,"parent":0,"menu_order":0,"comment_status":"open","ping_status":"open","template":"","meta":{"cybocfi_hide_featured_image":""},"_links":{"self":[{"href":"https:\/\/infantv.com.br\/infantv\/wp-json\/wp\/v2\/pages\/126"}],"collection":[{"href":"https:\/\/infantv.com.br\/infantv\/wp-json\/wp\/v2\/pages"}],"about":[{"href":"https:\/\/infantv.com.br\/infantv\/wp-json\/wp\/v2\/types\/page"}],"author":[{"embeddable":true,"href":"https:\/\/infantv.com.br\/infantv\/wp-json\/wp\/v2\/users\/1"}],"replies":[{"embeddable":true,"href":"https:\/\/infantv.com.br\/infantv\/wp-json\/wp\/v2\/comments?post=126"}],"version-history":[{"count":12,"href":"https:\/\/infantv.com.br\/infantv\/wp-json\/wp\/v2\/pages\/126\/revisions"}],"predecessor-version":[{"id":18293,"href":"https:\/\/infantv.com.br\/infantv\/wp-json\/wp\/v2\/pages\/126\/revisions\/18293"}],"wp:attachment":[{"href":"https:\/\/infantv.com.br\/infantv\/wp-json\/wp\/v2\/media?parent=126"}],"curies":[{"name":"wp","href":"https:\/\/api.w.org\/{rel}","templated":true}]}}